{"id":1211,"date":"2025-04-16T00:51:02","date_gmt":"2025-04-16T03:51:02","guid":{"rendered":"https:\/\/online.dmgroup.com.ar\/product\/cafetera-blanca-piccolo-xs-bl-dolce-gusto\/"},"modified":"2026-02-05T11:34:01","modified_gmt":"2026-02-05T14:34:01","slug":"cafetera-blanca-piccolo-xs-bl-dolce-gusto","status":"publish","type":"product","link":"https:\/\/online.dmgroup.com.ar\/?product=cafetera-blanca-piccolo-xs-bl-dolce-gusto","title":{"rendered":"CAFETERA BLANCA PICCOLO XS BL DOLCE GUSTO"},"content":{"rendered":"<p>Vatios: 1500 W Dep\u00f3sito de agua: 0,8 L Ajuste de dosis: Palanca Voltaje: 220 V Peso: 2 kg Altura: 27,6 cm Longitud: 13,6 cm Profundidad: 26,6 cm MODO ECO 1 MIN: La Piccolo XS tiene un modo eco que apaga la cafetera autom\u00e1ticamente para ahorrar energ\u00eda si no se utiliza una vez transcurrido un minuto desde la preparaci\u00f3n de una bebida (calificaci\u00f3n A+ de consumo de energ\u00eda). Con tu Piccolo XS pod\u00e9s preparar todos los caf\u00e9s que te encantan, incluidos los cappuccinos fr\u00edos, nuestro nuevo caf\u00e9 fr\u00edo Cold Brew y muchos m\u00e1s.  <\/p>\n","protected":false},"excerpt":{"rendered":"<p>CAFETERA BLANCA PICCOLO XS BL DOLCE GUSTO<\/p>\n","protected":false},"featured_media":1210,"template":"","meta":{"_acf_changed":false},"product_brand":[],"product_cat":[41],"product_tag":[],"class_list":{"0":"post-1211","1":"product","2":"type-product","3":"status-publish","4":"has-post-thumbnail","6":"product_cat-electrodomesticos","8":"first","9":"instock","10":"shipping-taxable","11":"product-type-simple"},"acf":[],"_links":{"self":[{"href":"https:\/\/online.dmgroup.com.ar\/index.php?rest_route=\/wp\/v2\/product\/1211","targetHints":{"allow":["GET"]}}],"collection":[{"href":"https:\/\/online.dmgroup.com.ar\/index.php?rest_route=\/wp\/v2\/product"}],"about":[{"href":"https:\/\/online.dmgroup.com.ar\/index.php?rest_route=\/wp\/v2\/types\/product"}],"version-history":[{"count":0,"href":"https:\/\/online.dmgroup.com.ar\/index.php?rest_route=\/wp\/v2\/product\/1211\/revisions"}],"wp:featuredmedia":[{"embeddable":true,"href":"https:\/\/online.dmgroup.com.ar\/index.php?rest_route=\/wp\/v2\/media\/1210"}],"wp:attachment":[{"href":"https:\/\/online.dmgroup.com.ar\/index.php?rest_route=%2Fwp%2Fv2%2Fmedia&parent=1211"}],"wp:term":[{"taxonomy":"product_brand","embeddable":true,"href":"https:\/\/online.dmgroup.com.ar\/index.php?rest_route=%2Fwp%2Fv2%2Fproduct_brand&post=1211"},{"taxonomy":"product_cat","embeddable":true,"href":"https:\/\/online.dmgroup.com.ar\/index.php?rest_route=%2Fwp%2Fv2%2Fproduct_cat&post=1211"},{"taxonomy":"product_tag","embeddable":true,"href":"https:\/\/online.dmgroup.com.ar\/index.php?rest_route=%2Fwp%2Fv2%2Fproduct_tag&post=1211"}],"curies":[{"name":"wp","href":"https:\/\/api.w.org\/{rel}","templated":true}]}}