{"id":1227,"date":"2025-04-16T00:51:29","date_gmt":"2025-04-16T03:51:29","guid":{"rendered":"https:\/\/online.dmgroup.com.ar\/product\/cafetera-electrica-9lts-tb-cf90-turboblender\/"},"modified":"2026-02-05T11:34:22","modified_gmt":"2026-02-05T14:34:22","slug":"cafetera-electrica-9lts-tb-cf90-turboblender","status":"publish","type":"product","link":"https:\/\/online.dmgroup.com.ar\/?product=cafetera-electrica-9lts-tb-cf90-turboblender","title":{"rendered":"CAFETERA ELECTRICA 9LTS TB-CF90 TURBOBLENDER"},"content":{"rendered":"<p>Cafetera el\u00e9ctrica TB-CF90 Capacidad: 9 Lts. Potencia: 950 Watts. Tapa con bloqueo de seguridad. Doble Aislaci\u00f3n. Control de Temperatura Regulable. Ideal Uso Comercial. F\u00e1cil Uso y Limpieza. Grifo antigoteo. Indicador y mantenimiento del calor. Corte autom\u00e1tico de seguridad por falta de agua. Filtro extra\u00edble de acero inoxidable. Fabricada 100% en Acero Inoxidable. Peso: 3,53 kg  Medidas del bulto: 29x29x54,5 cm (Ancho x largo x alto) <\/p>\n","protected":false},"excerpt":{"rendered":"<p>CAFETERA ELECTRICA 9LTS TB-CF90 TURBOBLENDER<\/p>\n","protected":false},"featured_media":1226,"template":"","meta":{"_acf_changed":false},"product_brand":[],"product_cat":[45],"product_tag":[],"class_list":{"0":"post-1227","1":"product","2":"type-product","3":"status-publish","4":"has-post-thumbnail","6":"product_cat-herramientas-comerciales","8":"first","9":"instock","10":"shipping-taxable","11":"product-type-simple"},"acf":[],"_links":{"self":[{"href":"https:\/\/online.dmgroup.com.ar\/index.php?rest_route=\/wp\/v2\/product\/1227","targetHints":{"allow":["GET"]}}],"collection":[{"href":"https:\/\/online.dmgroup.com.ar\/index.php?rest_route=\/wp\/v2\/product"}],"about":[{"href":"https:\/\/online.dmgroup.com.ar\/index.php?rest_route=\/wp\/v2\/types\/product"}],"version-history":[{"count":0,"href":"https:\/\/online.dmgroup.com.ar\/index.php?rest_route=\/wp\/v2\/product\/1227\/revisions"}],"wp:featuredmedia":[{"embeddable":true,"href":"https:\/\/online.dmgroup.com.ar\/index.php?rest_route=\/wp\/v2\/media\/1226"}],"wp:attachment":[{"href":"https:\/\/online.dmgroup.com.ar\/index.php?rest_route=%2Fwp%2Fv2%2Fmedia&parent=1227"}],"wp:term":[{"taxonomy":"product_brand","embeddable":true,"href":"https:\/\/online.dmgroup.com.ar\/index.php?rest_route=%2Fwp%2Fv2%2Fproduct_brand&post=1227"},{"taxonomy":"product_cat","embeddable":true,"href":"https:\/\/online.dmgroup.com.ar\/index.php?rest_route=%2Fwp%2Fv2%2Fproduct_cat&post=1227"},{"taxonomy":"product_tag","embeddable":true,"href":"https:\/\/online.dmgroup.com.ar\/index.php?rest_route=%2Fwp%2Fv2%2Fproduct_tag&post=1227"}],"curies":[{"name":"wp","href":"https:\/\/api.w.org\/{rel}","templated":true}]}}