{"id":1243,"date":"2025-04-17T00:50:37","date_gmt":"2025-04-17T03:50:37","guid":{"rendered":"https:\/\/online.dmgroup.com.ar\/product\/cafetera-espresso-pe-ce5007ixn-peabody\/"},"modified":"2026-02-05T11:34:53","modified_gmt":"2026-02-05T14:34:53","slug":"cafetera-espresso-pe-ce5007ixn-peabody","status":"publish","type":"product","link":"https:\/\/online.dmgroup.com.ar\/?product=cafetera-espresso-pe-ce5007ixn-peabody","title":{"rendered":"CAFETERA ESPRESSO PE-CE5007IXN PEABODY"},"content":{"rendered":"<p>Cafetera Express (PE-CE5007IXN) &#8211; Doble caldera instant\u00e1nea, para preparar expresso y espuma simult\u00e1neamente. &#8211; Funci\u00f3n precalentado de tazas. &#8211; Filtro de aluminio. &#8211; Capacidad: 1,8 litros &#8211; Potencia: 1350W &#8211; 20 bares de presi\u00f3n &#8211; Espumador de leche automatizado, con boquilla desmontable. &#8211; Tanque de agua removible para una f\u00e1cil carga y limpieza. &#8211; Dep\u00f3sito de leche removible de 500 ml. &#8211; Cantidad de caf\u00e9 ajustable: Simple o Doble. &#8211; Selector de bebidas: Espresso, Capuccino o Latte. &#8211; Accesorio compatible con capsulas tipo Nespresso. &#8211; Detalles de acero inoxidable. &#8211; Partes desmontables para f\u00e1cil limpieza. &#8211; Accesorios: filtro individual, filtro para caf\u00e9 doble y cuchara medidora de caf\u00e9. https:&#8211;www.peabody.com.ar-producto-1-1-455-cafetera-express<\/p>\n","protected":false},"excerpt":{"rendered":"<p>CAFETERA ESPRESSO PE-CE5007IXN PEABODY<\/p>\n","protected":false},"featured_media":1242,"template":"","meta":{"_acf_changed":false},"product_brand":[],"product_cat":[41],"product_tag":[],"class_list":{"0":"post-1243","1":"product","2":"type-product","3":"status-publish","4":"has-post-thumbnail","6":"product_cat-electrodomesticos","8":"first","9":"instock","10":"shipping-taxable","11":"product-type-simple"},"acf":[],"_links":{"self":[{"href":"https:\/\/online.dmgroup.com.ar\/index.php?rest_route=\/wp\/v2\/product\/1243","targetHints":{"allow":["GET"]}}],"collection":[{"href":"https:\/\/online.dmgroup.com.ar\/index.php?rest_route=\/wp\/v2\/product"}],"about":[{"href":"https:\/\/online.dmgroup.com.ar\/index.php?rest_route=\/wp\/v2\/types\/product"}],"version-history":[{"count":0,"href":"https:\/\/online.dmgroup.com.ar\/index.php?rest_route=\/wp\/v2\/product\/1243\/revisions"}],"wp:featuredmedia":[{"embeddable":true,"href":"https:\/\/online.dmgroup.com.ar\/index.php?rest_route=\/wp\/v2\/media\/1242"}],"wp:attachment":[{"href":"https:\/\/online.dmgroup.com.ar\/index.php?rest_route=%2Fwp%2Fv2%2Fmedia&parent=1243"}],"wp:term":[{"taxonomy":"product_brand","embeddable":true,"href":"https:\/\/online.dmgroup.com.ar\/index.php?rest_route=%2Fwp%2Fv2%2Fproduct_brand&post=1243"},{"taxonomy":"product_cat","embeddable":true,"href":"https:\/\/online.dmgroup.com.ar\/index.php?rest_route=%2Fwp%2Fv2%2Fproduct_cat&post=1243"},{"taxonomy":"product_tag","embeddable":true,"href":"https:\/\/online.dmgroup.com.ar\/index.php?rest_route=%2Fwp%2Fv2%2Fproduct_tag&post=1243"}],"curies":[{"name":"wp","href":"https:\/\/api.w.org\/{rel}","templated":true}]}}