{"id":1251,"date":"2025-04-17T00:50:55","date_gmt":"2025-04-17T03:50:55","guid":{"rendered":"https:\/\/online.dmgroup.com.ar\/product\/cafetera-express-pe-ce5002-peabody\/"},"modified":"2026-02-05T11:35:19","modified_gmt":"2026-02-05T14:35:19","slug":"cafetera-express-pe-ce5002-peabody","status":"publish","type":"product","link":"https:\/\/online.dmgroup.com.ar\/?product=cafetera-express-pe-ce5002-peabody","title":{"rendered":"CAFETERA EXPRESS PE-CE5002 PEABODY"},"content":{"rendered":"<p>Cafetera Express (PE-CE5002) &#8211; 15 bar de presi\u00f3n &#8211; Espumador de leche por vapor &#8211; Funci\u00f3n de precalentamiento de tazas &#8211; Caldera de acero inoxidable &#8211; Filtro de aluminio &#8211; Sistema de liberaci\u00f3n autom\u00e1tica de presi\u00f3n &#8211; Detalles en acero inoxidable &#8211; Reloj medidor de temperatura con indicador de temperatura \u00f3ptima para caf\u00e9 y espumado de leche<\/p>\n","protected":false},"excerpt":{"rendered":"<p>CAFETERA EXPRESS PE-CE5002 PEABODY<\/p>\n","protected":false},"featured_media":1250,"template":"","meta":{"_acf_changed":false},"product_brand":[],"product_cat":[41],"product_tag":[],"class_list":{"0":"post-1251","1":"product","2":"type-product","3":"status-publish","4":"has-post-thumbnail","6":"product_cat-electrodomesticos","8":"first","9":"instock","10":"shipping-taxable","11":"product-type-simple"},"acf":[],"_links":{"self":[{"href":"https:\/\/online.dmgroup.com.ar\/index.php?rest_route=\/wp\/v2\/product\/1251","targetHints":{"allow":["GET"]}}],"collection":[{"href":"https:\/\/online.dmgroup.com.ar\/index.php?rest_route=\/wp\/v2\/product"}],"about":[{"href":"https:\/\/online.dmgroup.com.ar\/index.php?rest_route=\/wp\/v2\/types\/product"}],"version-history":[{"count":0,"href":"https:\/\/online.dmgroup.com.ar\/index.php?rest_route=\/wp\/v2\/product\/1251\/revisions"}],"wp:featuredmedia":[{"embeddable":true,"href":"https:\/\/online.dmgroup.com.ar\/index.php?rest_route=\/wp\/v2\/media\/1250"}],"wp:attachment":[{"href":"https:\/\/online.dmgroup.com.ar\/index.php?rest_route=%2Fwp%2Fv2%2Fmedia&parent=1251"}],"wp:term":[{"taxonomy":"product_brand","embeddable":true,"href":"https:\/\/online.dmgroup.com.ar\/index.php?rest_route=%2Fwp%2Fv2%2Fproduct_brand&post=1251"},{"taxonomy":"product_cat","embeddable":true,"href":"https:\/\/online.dmgroup.com.ar\/index.php?rest_route=%2Fwp%2Fv2%2Fproduct_cat&post=1251"},{"taxonomy":"product_tag","embeddable":true,"href":"https:\/\/online.dmgroup.com.ar\/index.php?rest_route=%2Fwp%2Fv2%2Fproduct_tag&post=1251"}],"curies":[{"name":"wp","href":"https:\/\/api.w.org\/{rel}","templated":true}]}}