{"id":1367,"date":"2025-04-19T00:51:17","date_gmt":"2025-04-19T03:51:17","guid":{"rendered":"https:\/\/online.dmgroup.com.ar\/product\/cama-elastica-3-05-mts-c105-polimet\/"},"modified":"2026-02-05T11:38:43","modified_gmt":"2026-02-05T14:38:43","slug":"cama-elastica-3-05-mts-c105-polimet","status":"publish","type":"product","link":"https:\/\/online.dmgroup.com.ar\/?product=cama-elastica-3-05-mts-c105-polimet","title":{"rendered":"CAMA ELASTICA 3.05 MTS C105 POLIMET"},"content":{"rendered":"<p>Caracter\u00edsticas: Modelo: C105 Material: Polietileno + acero galvanizado Di\u00e1metro de cama el\u00e1stica: 305 metros Altura total: 3.05 m Altura de la red protectora: 1,60 m Altura del piso para subir a la cama: 55cm Peso m\u00e1ximo del usuario: 150 kg Tela con filtro de rayos UV Ideal para colocar al aire libre. Clim\u00e1ticamente perdurable Incluye kit de herramientas para armar<\/p>\n","protected":false},"excerpt":{"rendered":"<p>CAMA ELASTICA 3.05 MTS C105 POLIMET<\/p>\n","protected":false},"featured_media":1366,"template":"","meta":{"_acf_changed":false},"product_brand":[],"product_cat":[34],"product_tag":[],"class_list":{"0":"post-1367","1":"product","2":"type-product","3":"status-publish","4":"has-post-thumbnail","6":"product_cat-bebe-infancia","8":"first","9":"instock","10":"shipping-taxable","11":"product-type-simple"},"acf":[],"_links":{"self":[{"href":"https:\/\/online.dmgroup.com.ar\/index.php?rest_route=\/wp\/v2\/product\/1367","targetHints":{"allow":["GET"]}}],"collection":[{"href":"https:\/\/online.dmgroup.com.ar\/index.php?rest_route=\/wp\/v2\/product"}],"about":[{"href":"https:\/\/online.dmgroup.com.ar\/index.php?rest_route=\/wp\/v2\/types\/product"}],"version-history":[{"count":0,"href":"https:\/\/online.dmgroup.com.ar\/index.php?rest_route=\/wp\/v2\/product\/1367\/revisions"}],"wp:featuredmedia":[{"embeddable":true,"href":"https:\/\/online.dmgroup.com.ar\/index.php?rest_route=\/wp\/v2\/media\/1366"}],"wp:attachment":[{"href":"https:\/\/online.dmgroup.com.ar\/index.php?rest_route=%2Fwp%2Fv2%2Fmedia&parent=1367"}],"wp:term":[{"taxonomy":"product_brand","embeddable":true,"href":"https:\/\/online.dmgroup.com.ar\/index.php?rest_route=%2Fwp%2Fv2%2Fproduct_brand&post=1367"},{"taxonomy":"product_cat","embeddable":true,"href":"https:\/\/online.dmgroup.com.ar\/index.php?rest_route=%2Fwp%2Fv2%2Fproduct_cat&post=1367"},{"taxonomy":"product_tag","embeddable":true,"href":"https:\/\/online.dmgroup.com.ar\/index.php?rest_route=%2Fwp%2Fv2%2Fproduct_tag&post=1367"}],"curies":[{"name":"wp","href":"https:\/\/api.w.org\/{rel}","templated":true}]}}