{"id":1401,"date":"2025-04-20T00:50:47","date_gmt":"2025-04-20T03:50:47","guid":{"rendered":"https:\/\/online.dmgroup.com.ar\/product\/camara-ip-wifi-interior-c2c-1080p-ezviz\/"},"modified":"2026-02-05T11:39:36","modified_gmt":"2026-02-05T14:39:36","slug":"camara-ip-wifi-interior-c2c-1080p-ezviz","status":"publish","type":"product","link":"https:\/\/online.dmgroup.com.ar\/?product=camara-ip-wifi-interior-c2c-1080p-ezviz","title":{"rendered":"CAMARA IP WIFI INTERIOR C2C 1080P EZVIZ"},"content":{"rendered":"<p>C\u00e1mara De Seguridad Ezviz 1080p Wifi Interior H265 108\u00b0 Color Blanco Definici\u00f3n de la c\u00e1mara: 2MP. Capacidad de almacenamiento de 128GB. Audio bidireccional. Incluye visi\u00f3n nocturna. Peso: 120g. Con sensor de movimiento. Ideal para control y seguridad de hogares, oficinas y edificios. https:&#8211;www.ezvizargentina.com.ar-camara-de-seguridad-ezviz-1080p-wifi-interior-h265-108-color-blanco-p-MLA18626562?pdp_filters=category:MLA1574%7Cseller_id:1085990051#position=3&amp;search_layout=grid&amp;type=item&amp;tracking_id=22830973-c4cd-4f16-ae54-c07a12db1b6f<\/p>\n","protected":false},"excerpt":{"rendered":"<p>CAMARA IP WIFI INTERIOR C2C 1080P EZVIZ<\/p>\n","protected":false},"featured_media":1400,"template":"","meta":{"_acf_changed":false},"product_brand":[],"product_cat":[46],"product_tag":[],"class_list":{"0":"post-1401","1":"product","2":"type-product","3":"status-publish","4":"has-post-thumbnail","6":"product_cat-audio-y-tecnologia","8":"first","9":"instock","10":"shipping-taxable","11":"product-type-simple"},"acf":[],"_links":{"self":[{"href":"https:\/\/online.dmgroup.com.ar\/index.php?rest_route=\/wp\/v2\/product\/1401","targetHints":{"allow":["GET"]}}],"collection":[{"href":"https:\/\/online.dmgroup.com.ar\/index.php?rest_route=\/wp\/v2\/product"}],"about":[{"href":"https:\/\/online.dmgroup.com.ar\/index.php?rest_route=\/wp\/v2\/types\/product"}],"version-history":[{"count":0,"href":"https:\/\/online.dmgroup.com.ar\/index.php?rest_route=\/wp\/v2\/product\/1401\/revisions"}],"wp:featuredmedia":[{"embeddable":true,"href":"https:\/\/online.dmgroup.com.ar\/index.php?rest_route=\/wp\/v2\/media\/1400"}],"wp:attachment":[{"href":"https:\/\/online.dmgroup.com.ar\/index.php?rest_route=%2Fwp%2Fv2%2Fmedia&parent=1401"}],"wp:term":[{"taxonomy":"product_brand","embeddable":true,"href":"https:\/\/online.dmgroup.com.ar\/index.php?rest_route=%2Fwp%2Fv2%2Fproduct_brand&post=1401"},{"taxonomy":"product_cat","embeddable":true,"href":"https:\/\/online.dmgroup.com.ar\/index.php?rest_route=%2Fwp%2Fv2%2Fproduct_cat&post=1401"},{"taxonomy":"product_tag","embeddable":true,"href":"https:\/\/online.dmgroup.com.ar\/index.php?rest_route=%2Fwp%2Fv2%2Fproduct_tag&post=1401"}],"curies":[{"name":"wp","href":"https:\/\/api.w.org\/{rel}","templated":true}]}}