{"id":1634,"date":"2025-04-25T00:50:15","date_gmt":"2025-04-25T03:50:15","guid":{"rendered":"https:\/\/online.dmgroup.com.ar\/product\/cocina-6-hornallas-puerta-vidrio-517v-sol-real\/"},"modified":"2026-02-05T11:45:00","modified_gmt":"2026-02-05T14:45:00","slug":"cocina-6-hornallas-puerta-vidrio-517v-sol-real","status":"publish","type":"product","link":"https:\/\/online.dmgroup.com.ar\/?product=cocina-6-hornallas-puerta-vidrio-517v-sol-real","title":{"rendered":"COCINA 6 HORNALLAS PUERTA VIDRIO 517V SOL REAL"},"content":{"rendered":"<p>517V &#8211; COCINA MINI 6 HORNALLAS &#8211; PUERTA VIDRIO Frente de 81.5cm Gabinete 100% de acero inoxidable esmerilado. Puerta de vidrio templado con manija met\u00e1lica,  bisagras embutidas y pir\u00f3metro anal\u00f3gico. Interior de horno enlozado, con piso  de tejuelas refractarias y provisto  de  2 rejillas de 66 x 44 cm. Mecheros de aluminio fundido. Bandeja antiderrame desmontable. Horno con v\u00e1lvula de seguridad. Kilocalor\u00edas-h. 30.000 https:&#8211;solreal.com-index.php?route=product-product&amp;path=20_25_78&amp;product_id=20<\/p>\n","protected":false},"excerpt":{"rendered":"<p>COCINA 6 HORNALLAS PUERTA VIDRIO 517V SOL REAL<\/p>\n","protected":false},"featured_media":1633,"template":"","meta":{"_acf_changed":false},"product_brand":[],"product_cat":[38],"product_tag":[],"class_list":{"0":"post-1634","1":"product","2":"type-product","3":"status-publish","4":"has-post-thumbnail","6":"product_cat-cocina-comercial","8":"first","9":"instock","10":"shipping-taxable","11":"product-type-simple"},"acf":[],"_links":{"self":[{"href":"https:\/\/online.dmgroup.com.ar\/index.php?rest_route=\/wp\/v2\/product\/1634","targetHints":{"allow":["GET"]}}],"collection":[{"href":"https:\/\/online.dmgroup.com.ar\/index.php?rest_route=\/wp\/v2\/product"}],"about":[{"href":"https:\/\/online.dmgroup.com.ar\/index.php?rest_route=\/wp\/v2\/types\/product"}],"version-history":[{"count":0,"href":"https:\/\/online.dmgroup.com.ar\/index.php?rest_route=\/wp\/v2\/product\/1634\/revisions"}],"wp:featuredmedia":[{"embeddable":true,"href":"https:\/\/online.dmgroup.com.ar\/index.php?rest_route=\/wp\/v2\/media\/1633"}],"wp:attachment":[{"href":"https:\/\/online.dmgroup.com.ar\/index.php?rest_route=%2Fwp%2Fv2%2Fmedia&parent=1634"}],"wp:term":[{"taxonomy":"product_brand","embeddable":true,"href":"https:\/\/online.dmgroup.com.ar\/index.php?rest_route=%2Fwp%2Fv2%2Fproduct_brand&post=1634"},{"taxonomy":"product_cat","embeddable":true,"href":"https:\/\/online.dmgroup.com.ar\/index.php?rest_route=%2Fwp%2Fv2%2Fproduct_cat&post=1634"},{"taxonomy":"product_tag","embeddable":true,"href":"https:\/\/online.dmgroup.com.ar\/index.php?rest_route=%2Fwp%2Fv2%2Fproduct_tag&post=1634"}],"curies":[{"name":"wp","href":"https:\/\/api.w.org\/{rel}","templated":true}]}}