{"id":1640,"date":"2025-04-25T00:50:26","date_gmt":"2025-04-25T03:50:26","guid":{"rendered":"https:\/\/online.dmgroup.com.ar\/product\/cocina-a-lena-mika-23-vs-11-tecnocalor\/"},"modified":"2026-02-05T11:45:08","modified_gmt":"2026-02-05T14:45:08","slug":"cocina-a-lena-mika-23-vs-11-tecnocalor","status":"publish","type":"product","link":"https:\/\/online.dmgroup.com.ar\/?product=cocina-a-lena-mika-23-vs-11-tecnocalor","title":{"rendered":"COCINA A LE\u00d1A MIKA 23 VS-11 TECNOCALOR"},"content":{"rendered":"<p>Cocina econ\u00f3mica  a le\u00f1a MIKA  23      Frente: 81cm Largo: 50cm Largo + manija: 60cm  Alto: 82cm   Infernillo Frente: 20cm Alto: 29cm Profundo: 46cm  Horno Frente: 36cm Alto: 29cm Profundo: 46cm  Cenicero  Frente: 18cm Alto: 9cm Profundo: 31cm  Peso: 110kg Combustible: le\u00f1a  Salida: 100 mm<\/p>\n","protected":false},"excerpt":{"rendered":"<p>COCINA A LE\u00d1A MIKA 23 VS-11 TECNOCALOR<\/p>\n","protected":false},"featured_media":1639,"template":"","meta":{"_acf_changed":false},"product_brand":[],"product_cat":[39],"product_tag":[],"class_list":{"0":"post-1640","1":"product","2":"type-product","3":"status-publish","4":"has-post-thumbnail","6":"product_cat-cocina-de-hogar","8":"first","9":"instock","10":"shipping-taxable","11":"product-type-simple"},"acf":[],"_links":{"self":[{"href":"https:\/\/online.dmgroup.com.ar\/index.php?rest_route=\/wp\/v2\/product\/1640","targetHints":{"allow":["GET"]}}],"collection":[{"href":"https:\/\/online.dmgroup.com.ar\/index.php?rest_route=\/wp\/v2\/product"}],"about":[{"href":"https:\/\/online.dmgroup.com.ar\/index.php?rest_route=\/wp\/v2\/types\/product"}],"version-history":[{"count":0,"href":"https:\/\/online.dmgroup.com.ar\/index.php?rest_route=\/wp\/v2\/product\/1640\/revisions"}],"wp:featuredmedia":[{"embeddable":true,"href":"https:\/\/online.dmgroup.com.ar\/index.php?rest_route=\/wp\/v2\/media\/1639"}],"wp:attachment":[{"href":"https:\/\/online.dmgroup.com.ar\/index.php?rest_route=%2Fwp%2Fv2%2Fmedia&parent=1640"}],"wp:term":[{"taxonomy":"product_brand","embeddable":true,"href":"https:\/\/online.dmgroup.com.ar\/index.php?rest_route=%2Fwp%2Fv2%2Fproduct_brand&post=1640"},{"taxonomy":"product_cat","embeddable":true,"href":"https:\/\/online.dmgroup.com.ar\/index.php?rest_route=%2Fwp%2Fv2%2Fproduct_cat&post=1640"},{"taxonomy":"product_tag","embeddable":true,"href":"https:\/\/online.dmgroup.com.ar\/index.php?rest_route=%2Fwp%2Fv2%2Fproduct_tag&post=1640"}],"curies":[{"name":"wp","href":"https:\/\/api.w.org\/{rel}","templated":true}]}}