{"id":1798,"date":"2025-04-28T00:51:17","date_gmt":"2025-04-28T03:51:17","guid":{"rendered":"https:\/\/online.dmgroup.com.ar\/product\/combo-secador-de-pelo-y-planchita-d3015-s1520-remington\/"},"modified":"2026-02-05T11:48:45","modified_gmt":"2026-02-05T14:48:45","slug":"combo-secador-de-pelo-y-planchita-d3015-s1520-remington","status":"publish","type":"product","link":"https:\/\/online.dmgroup.com.ar\/?product=combo-secador-de-pelo-y-planchita-d3015-s1520-remington","title":{"rendered":"COMBO SECADOR DE PELO Y PLANCHITA D3015 S1520 REMINGTON"},"content":{"rendered":"<p>COMBO SECADOR D3015 + PLANCHA ALISADORAS1520-A REMINGTON  \u2022 SECADOR D3015: &#8211; Secado libre de frizz &#8211; Potente secador &#8211; Revestimiento de iones y cer\u00e1mica &#8211; Potencia de 2200W (220-240V 50-60Hz) &#8211; Ajuste ecol\u00f3gico de eficiencia energ\u00e9tica &#8211; 3 ajustes de Temperatura &#8211; 2 velocidades &#8211; R\u00e1faga de aire frio para fijar su cabello &#8211; Filtro de aire removible &#8211; Difusor &#8211; Concentrador &#8211; Gancho para colgar  \u2022 PLANCHITA S1520:  &#8211; Crea un estilo \u00fanico con la plancha para cabello Ceramic Colors, gracias a sus placas de cer\u00e1mica la alisadora se desplazar\u00e1 suavemente por el cabello logrando resultados hermosos. &#8211; Caracter\u00edsticas el\u00e9ctricas: 125-240V \u2013 50-60Hz &#8211; Placas de 1\u201d recubiertas de cer\u00e1mica &#8211; Placa flotante de 25mm x 100mm &#8211; 2 niveles de temperatura, 180\u00b0C y 220\u00b0C &#8211; Cierre de seguridad &#8211; Calentamiento r\u00e1pido &#8211; Cable giratorio de 1.8m<\/p>\n","protected":false},"excerpt":{"rendered":"<p>COMBO SECADOR DE PELO Y PLANCHITA D3015 S1520 REMINGTON<\/p>\n","protected":false},"featured_media":1797,"template":"","meta":{"_acf_changed":false},"product_brand":[],"product_cat":[52],"product_tag":[],"class_list":{"0":"post-1798","1":"product","2":"type-product","3":"status-publish","4":"has-post-thumbnail","6":"product_cat-salud-belleza-fitness","8":"first","9":"instock","10":"shipping-taxable","11":"product-type-simple"},"acf":[],"_links":{"self":[{"href":"https:\/\/online.dmgroup.com.ar\/index.php?rest_route=\/wp\/v2\/product\/1798","targetHints":{"allow":["GET"]}}],"collection":[{"href":"https:\/\/online.dmgroup.com.ar\/index.php?rest_route=\/wp\/v2\/product"}],"about":[{"href":"https:\/\/online.dmgroup.com.ar\/index.php?rest_route=\/wp\/v2\/types\/product"}],"version-history":[{"count":0,"href":"https:\/\/online.dmgroup.com.ar\/index.php?rest_route=\/wp\/v2\/product\/1798\/revisions"}],"wp:featuredmedia":[{"embeddable":true,"href":"https:\/\/online.dmgroup.com.ar\/index.php?rest_route=\/wp\/v2\/media\/1797"}],"wp:attachment":[{"href":"https:\/\/online.dmgroup.com.ar\/index.php?rest_route=%2Fwp%2Fv2%2Fmedia&parent=1798"}],"wp:term":[{"taxonomy":"product_brand","embeddable":true,"href":"https:\/\/online.dmgroup.com.ar\/index.php?rest_route=%2Fwp%2Fv2%2Fproduct_brand&post=1798"},{"taxonomy":"product_cat","embeddable":true,"href":"https:\/\/online.dmgroup.com.ar\/index.php?rest_route=%2Fwp%2Fv2%2Fproduct_cat&post=1798"},{"taxonomy":"product_tag","embeddable":true,"href":"https:\/\/online.dmgroup.com.ar\/index.php?rest_route=%2Fwp%2Fv2%2Fproduct_tag&post=1798"}],"curies":[{"name":"wp","href":"https:\/\/api.w.org\/{rel}","templated":true}]}}