{"id":1828,"date":"2025-04-30T00:50:29","date_gmt":"2025-04-30T03:50:29","guid":{"rendered":"https:\/\/online.dmgroup.com.ar\/product\/compresor-25lts-2-5hp-zeco25-zero\/"},"modified":"2026-02-05T11:49:41","modified_gmt":"2026-02-05T14:49:41","slug":"compresor-25lts-2-5hp-zeco25-zero","status":"publish","type":"product","link":"https:\/\/online.dmgroup.com.ar\/?product=compresor-25lts-2-5hp-zeco25-zero","title":{"rendered":"COMPRESOR 25LTS 2.5HP ZECO25 ZERO"},"content":{"rendered":"<p>Compresor 25 lts &#8211; ZECO25 &#8211; Motor: Monocilindrico &#8211; Potencia: 2,5 HP &#8211; Capacidad de tanque: 25 litros &#8211; Caudal de aire: 210 lts-min &#8211; Presi\u00f3n: 110 lbs &#8211; 8 Bar &#8211; Tensi\u00f3n: 220v &#8211; Monofasico &#8211; Funci\u00f3n de corte y arranque autom\u00e1tico para mayor comodidad -Tanque de fundici\u00f3n pintado al horno &#8211; Doble salida de aire &#8211; V\u00e1lvula de seguridad &#8211; V\u00e1lvula de drenaje &#8211; Regulador de presi\u00f3n con man\u00f3metro &#8211; Filtro de aire pl\u00e1stico desmontable &#8211; Manija ergon\u00f3mica y ruedas para transportar &#8211; Peso aproximado. 24 Kilos &#8211; Incluye 1 botella con aceite 300ml<\/p>\n","protected":false},"excerpt":{"rendered":"<p>COMPRESOR 25LTS 2.5HP ZECO25 ZERO<\/p>\n","protected":false},"featured_media":1827,"template":"","meta":{"_acf_changed":false},"product_brand":[],"product_cat":[42],"product_tag":[],"class_list":{"0":"post-1828","1":"product","2":"type-product","3":"status-publish","4":"has-post-thumbnail","6":"product_cat-ferreteria","8":"first","9":"instock","10":"shipping-taxable","11":"product-type-simple"},"acf":[],"_links":{"self":[{"href":"https:\/\/online.dmgroup.com.ar\/index.php?rest_route=\/wp\/v2\/product\/1828","targetHints":{"allow":["GET"]}}],"collection":[{"href":"https:\/\/online.dmgroup.com.ar\/index.php?rest_route=\/wp\/v2\/product"}],"about":[{"href":"https:\/\/online.dmgroup.com.ar\/index.php?rest_route=\/wp\/v2\/types\/product"}],"version-history":[{"count":0,"href":"https:\/\/online.dmgroup.com.ar\/index.php?rest_route=\/wp\/v2\/product\/1828\/revisions"}],"wp:featuredmedia":[{"embeddable":true,"href":"https:\/\/online.dmgroup.com.ar\/index.php?rest_route=\/wp\/v2\/media\/1827"}],"wp:attachment":[{"href":"https:\/\/online.dmgroup.com.ar\/index.php?rest_route=%2Fwp%2Fv2%2Fmedia&parent=1828"}],"wp:term":[{"taxonomy":"product_brand","embeddable":true,"href":"https:\/\/online.dmgroup.com.ar\/index.php?rest_route=%2Fwp%2Fv2%2Fproduct_brand&post=1828"},{"taxonomy":"product_cat","embeddable":true,"href":"https:\/\/online.dmgroup.com.ar\/index.php?rest_route=%2Fwp%2Fv2%2Fproduct_cat&post=1828"},{"taxonomy":"product_tag","embeddable":true,"href":"https:\/\/online.dmgroup.com.ar\/index.php?rest_route=%2Fwp%2Fv2%2Fproduct_tag&post=1828"}],"curies":[{"name":"wp","href":"https:\/\/api.w.org\/{rel}","templated":true}]}}