{"id":1929,"date":"2025-05-03T00:50:33","date_gmt":"2025-05-03T03:50:33","guid":{"rendered":"https:\/\/online.dmgroup.com.ar\/product\/depiladora-satinelle-essential-bre275-00-philips\/"},"modified":"2026-02-05T11:52:59","modified_gmt":"2026-02-05T14:52:59","slug":"depiladora-satinelle-essential-bre275-00-philips","status":"publish","type":"product","link":"https:\/\/online.dmgroup.com.ar\/?product=depiladora-satinelle-essential-bre275-00-philips","title":{"rendered":"DEPILADORA SATINELLE ESSENTIAL BRE275\/00 PHILIPS"},"content":{"rendered":"<p>Color: Rosa Modelo: Bre275-00 Origen: Alemania Tipo: Pinzas rotatorias Forma de uso: Con cable Recargable: No Apta para todo tipo de piel: Si Apto cuerpo y rostro: Solo cuerpo Sistema de elevaci\u00f3n de vello: No Tecnolog\u00eda ipl: No Uso en seco y h\u00famedo: No Pulsos de lampara: No Voltaje (v): 15 Inal\u00e1mbrica: No Luz: No Masajeador: Si Velocidades: 2 Aplicador de fr\u00edo: No Cabezal adaptador: 4 Cabezal lavable: Si Mango ergon\u00f3mico: Si Incluye: Cabezal de afeitado. Peine de cabezal de afeitado. Cabezal de masaje. Funda. Cepillo de limpieza. <\/p>\n","protected":false},"excerpt":{"rendered":"<p>DEPILADORA SATINELLE ESSENTIAL BRE275-00 PHILIPS<\/p>\n","protected":false},"featured_media":1928,"template":"","meta":{"_acf_changed":false},"product_brand":[],"product_cat":[52],"product_tag":[],"class_list":{"0":"post-1929","1":"product","2":"type-product","3":"status-publish","4":"has-post-thumbnail","6":"product_cat-salud-belleza-fitness","8":"first","9":"instock","10":"shipping-taxable","11":"product-type-simple"},"acf":[],"_links":{"self":[{"href":"https:\/\/online.dmgroup.com.ar\/index.php?rest_route=\/wp\/v2\/product\/1929","targetHints":{"allow":["GET"]}}],"collection":[{"href":"https:\/\/online.dmgroup.com.ar\/index.php?rest_route=\/wp\/v2\/product"}],"about":[{"href":"https:\/\/online.dmgroup.com.ar\/index.php?rest_route=\/wp\/v2\/types\/product"}],"version-history":[{"count":0,"href":"https:\/\/online.dmgroup.com.ar\/index.php?rest_route=\/wp\/v2\/product\/1929\/revisions"}],"wp:featuredmedia":[{"embeddable":true,"href":"https:\/\/online.dmgroup.com.ar\/index.php?rest_route=\/wp\/v2\/media\/1928"}],"wp:attachment":[{"href":"https:\/\/online.dmgroup.com.ar\/index.php?rest_route=%2Fwp%2Fv2%2Fmedia&parent=1929"}],"wp:term":[{"taxonomy":"product_brand","embeddable":true,"href":"https:\/\/online.dmgroup.com.ar\/index.php?rest_route=%2Fwp%2Fv2%2Fproduct_brand&post=1929"},{"taxonomy":"product_cat","embeddable":true,"href":"https:\/\/online.dmgroup.com.ar\/index.php?rest_route=%2Fwp%2Fv2%2Fproduct_cat&post=1929"},{"taxonomy":"product_tag","embeddable":true,"href":"https:\/\/online.dmgroup.com.ar\/index.php?rest_route=%2Fwp%2Fv2%2Fproduct_tag&post=1929"}],"curies":[{"name":"wp","href":"https:\/\/api.w.org\/{rel}","templated":true}]}}