{"id":2446,"date":"2025-05-17T00:50:36","date_gmt":"2025-05-17T03:50:36","guid":{"rendered":"https:\/\/online.dmgroup.com.ar\/product\/gaveta-5-divisiones-apertura-electronica-161-lipari\/"},"modified":"2026-02-05T12:05:28","modified_gmt":"2026-02-05T15:05:28","slug":"gaveta-5-divisiones-apertura-electronica-161-lipari","status":"publish","type":"product","link":"https:\/\/online.dmgroup.com.ar\/?product=gaveta-5-divisiones-apertura-electronica-161-lipari","title":{"rendered":"GAVETA 5 DIVISIONES APERTURA ELECTRONICA 161 LIPARI"},"content":{"rendered":"<p>Apertura electr\u00f3nica para trabajar en sincronismo con registradoras y controladores fiscales. 5 divisiones para billetes y monedas. Compartimiento posterior de uso m\u00faltiple. Apertura y cierre manual \u00f3 por impulso el\u00e9ctrico.<\/p>\n","protected":false},"excerpt":{"rendered":"<p>GAVETA 5 DIVISIONES APERTURA ELECTRONICA 161 LIPARI<\/p>\n","protected":false},"featured_media":2445,"template":"","meta":{"_acf_changed":false},"product_brand":[],"product_cat":[45],"product_tag":[],"class_list":{"0":"post-2446","1":"product","2":"type-product","3":"status-publish","4":"has-post-thumbnail","6":"product_cat-herramientas-comerciales","8":"first","9":"instock","10":"shipping-taxable","11":"product-type-simple"},"acf":[],"_links":{"self":[{"href":"https:\/\/online.dmgroup.com.ar\/index.php?rest_route=\/wp\/v2\/product\/2446","targetHints":{"allow":["GET"]}}],"collection":[{"href":"https:\/\/online.dmgroup.com.ar\/index.php?rest_route=\/wp\/v2\/product"}],"about":[{"href":"https:\/\/online.dmgroup.com.ar\/index.php?rest_route=\/wp\/v2\/types\/product"}],"version-history":[{"count":0,"href":"https:\/\/online.dmgroup.com.ar\/index.php?rest_route=\/wp\/v2\/product\/2446\/revisions"}],"wp:featuredmedia":[{"embeddable":true,"href":"https:\/\/online.dmgroup.com.ar\/index.php?rest_route=\/wp\/v2\/media\/2445"}],"wp:attachment":[{"href":"https:\/\/online.dmgroup.com.ar\/index.php?rest_route=%2Fwp%2Fv2%2Fmedia&parent=2446"}],"wp:term":[{"taxonomy":"product_brand","embeddable":true,"href":"https:\/\/online.dmgroup.com.ar\/index.php?rest_route=%2Fwp%2Fv2%2Fproduct_brand&post=2446"},{"taxonomy":"product_cat","embeddable":true,"href":"https:\/\/online.dmgroup.com.ar\/index.php?rest_route=%2Fwp%2Fv2%2Fproduct_cat&post=2446"},{"taxonomy":"product_tag","embeddable":true,"href":"https:\/\/online.dmgroup.com.ar\/index.php?rest_route=%2Fwp%2Fv2%2Fproduct_tag&post=2446"}],"curies":[{"name":"wp","href":"https:\/\/api.w.org\/{rel}","templated":true}]}}