{"id":40,"date":"2024-12-09T10:20:20","date_gmt":"2024-12-09T13:20:20","guid":{"rendered":"https:\/\/online.dmgroup.com.ar\/product\/acolchado-digital-twin-playstation-casablanca\/"},"modified":"2026-02-05T11:09:25","modified_gmt":"2026-02-05T14:09:25","slug":"acolchado-digital-twin-playstation-casablanca","status":"publish","type":"product","link":"https:\/\/online.dmgroup.com.ar\/?product=acolchado-digital-twin-playstation-casablanca","title":{"rendered":"ACOLCHADO DIGITAL TWIN PLAYSTATION CASABLANCA"},"content":{"rendered":"<p>Acolchado 1 1-2 plazas Estampado Digital PS5 Logo Para colch\u00f3n de 80x190cm  Medidas Aproximadas: 150x220cm. (Pueden variar cent\u00edmetros seg\u00fan la confecci\u00f3n)  Para 1 1-2 plazas Con estampado digital, mejores gr\u00e1ficos que un acolchado com\u00fan.  No incluye fundas de almohada ni almohadones https:&#8211;www.casablancablanqueria.com.ar-acolchado-1-1-2-plazas-estampado-digital-ps5-logo-p<\/p>\n","protected":false},"excerpt":{"rendered":"<p>ACOLCHADO DIGITAL TWIN PLAYSTATION CASABLANCA<\/p>\n","protected":false},"featured_media":39,"template":"","meta":{"_acf_changed":false},"product_brand":[],"product_cat":[35],"product_tag":[],"class_list":{"0":"post-40","1":"product","2":"type-product","3":"status-publish","4":"has-post-thumbnail","6":"product_cat-blanqueria","8":"first","9":"instock","10":"shipping-taxable","11":"product-type-simple"},"acf":[],"_links":{"self":[{"href":"https:\/\/online.dmgroup.com.ar\/index.php?rest_route=\/wp\/v2\/product\/40","targetHints":{"allow":["GET"]}}],"collection":[{"href":"https:\/\/online.dmgroup.com.ar\/index.php?rest_route=\/wp\/v2\/product"}],"about":[{"href":"https:\/\/online.dmgroup.com.ar\/index.php?rest_route=\/wp\/v2\/types\/product"}],"version-history":[{"count":0,"href":"https:\/\/online.dmgroup.com.ar\/index.php?rest_route=\/wp\/v2\/product\/40\/revisions"}],"wp:featuredmedia":[{"embeddable":true,"href":"https:\/\/online.dmgroup.com.ar\/index.php?rest_route=\/wp\/v2\/media\/39"}],"wp:attachment":[{"href":"https:\/\/online.dmgroup.com.ar\/index.php?rest_route=%2Fwp%2Fv2%2Fmedia&parent=40"}],"wp:term":[{"taxonomy":"product_brand","embeddable":true,"href":"https:\/\/online.dmgroup.com.ar\/index.php?rest_route=%2Fwp%2Fv2%2Fproduct_brand&post=40"},{"taxonomy":"product_cat","embeddable":true,"href":"https:\/\/online.dmgroup.com.ar\/index.php?rest_route=%2Fwp%2Fv2%2Fproduct_cat&post=40"},{"taxonomy":"product_tag","embeddable":true,"href":"https:\/\/online.dmgroup.com.ar\/index.php?rest_route=%2Fwp%2Fv2%2Fproduct_tag&post=40"}],"curies":[{"name":"wp","href":"https:\/\/api.w.org\/{rel}","templated":true}]}}