{"id":545,"date":"2025-04-03T00:50:45","date_gmt":"2025-04-03T03:50:45","guid":{"rendered":"https:\/\/online.dmgroup.com.ar\/product\/aire-acondicionado-split-6200w-frio-calor-fskyo62tc-fedders\/"},"modified":"2026-02-05T11:13:32","modified_gmt":"2026-02-05T14:13:32","slug":"aire-acondicionado-split-6200w-frio-calor-fskyo62tc-fedders","status":"publish","type":"product","link":"https:\/\/online.dmgroup.com.ar\/?product=aire-acondicionado-split-6200w-frio-calor-fskyo62tc-fedders","title":{"rendered":"AIRE ACONDICIONADO SPLIT 6200W FRIO CALOR FSKYO62TC FEDDERS"},"content":{"rendered":"<p>Caracter\u00edsticas Principales Turbo Reinicio Autom\u00e1tico Timer Programable Dual Conexi\u00f3n Drenaje Modo Sleep POTENCIA KW 6,2 Capacidad kW 6,2  Consumo kW 1,93  Consumo anual kWh 965 Clase Energ\u00e9tica Frio: A Calor: C https:&#8211;fedders.com.ar-split-on-off- <\/p>\n","protected":false},"excerpt":{"rendered":"<p>AIRE ACONDICIONADO SPLIT 6200W FRIO CALOR FSKYO62TC FEDDERS<\/p>\n","protected":false},"featured_media":544,"template":"","meta":{"_acf_changed":false},"product_brand":[],"product_cat":[37],"product_tag":[],"class_list":{"0":"post-545","1":"product","2":"type-product","3":"status-publish","4":"has-post-thumbnail","6":"product_cat-climatizacion","8":"first","9":"instock","10":"shipping-taxable","11":"product-type-simple"},"acf":[],"_links":{"self":[{"href":"https:\/\/online.dmgroup.com.ar\/index.php?rest_route=\/wp\/v2\/product\/545","targetHints":{"allow":["GET"]}}],"collection":[{"href":"https:\/\/online.dmgroup.com.ar\/index.php?rest_route=\/wp\/v2\/product"}],"about":[{"href":"https:\/\/online.dmgroup.com.ar\/index.php?rest_route=\/wp\/v2\/types\/product"}],"version-history":[{"count":0,"href":"https:\/\/online.dmgroup.com.ar\/index.php?rest_route=\/wp\/v2\/product\/545\/revisions"}],"wp:featuredmedia":[{"embeddable":true,"href":"https:\/\/online.dmgroup.com.ar\/index.php?rest_route=\/wp\/v2\/media\/544"}],"wp:attachment":[{"href":"https:\/\/online.dmgroup.com.ar\/index.php?rest_route=%2Fwp%2Fv2%2Fmedia&parent=545"}],"wp:term":[{"taxonomy":"product_brand","embeddable":true,"href":"https:\/\/online.dmgroup.com.ar\/index.php?rest_route=%2Fwp%2Fv2%2Fproduct_brand&post=545"},{"taxonomy":"product_cat","embeddable":true,"href":"https:\/\/online.dmgroup.com.ar\/index.php?rest_route=%2Fwp%2Fv2%2Fproduct_cat&post=545"},{"taxonomy":"product_tag","embeddable":true,"href":"https:\/\/online.dmgroup.com.ar\/index.php?rest_route=%2Fwp%2Fv2%2Fproduct_tag&post=545"}],"curies":[{"name":"wp","href":"https:\/\/api.w.org\/{rel}","templated":true}]}}