{"id":605,"date":"2025-04-04T00:50:53","date_gmt":"2025-04-04T03:50:53","guid":{"rendered":"https:\/\/online.dmgroup.com.ar\/product\/amasadora-rapida-mixer-20-moretti\/"},"modified":"2026-02-05T11:15:49","modified_gmt":"2026-02-05T14:15:49","slug":"amasadora-rapida-mixer-20-moretti","status":"publish","type":"product","link":"https:\/\/online.dmgroup.com.ar\/?product=amasadora-rapida-mixer-20-moretti","title":{"rendered":"AMASADORA RAPIDA MIXER-20 MORETTI"},"content":{"rendered":"<p>Amasadora Profesional R\u00e1pida Moretti Mixer 20 Transmisi\u00f3n mixta de cadena y correa Amasadora r\u00e1pida Tablero de control digital Sistema de STOP Modo Lento para retiro de masa Robusta, apta para alta producci\u00f3n Reja de seguridad Batea y espiral de acero inoxidable Parada de emergencia 8 Kilos de harina seca Potencia: 2 HP Voltaje: 210-230 Corriente Nominal: 10 Velocidad Espiral (R-min): 130-380 Velocidad del Bowl (R-min): 13-38 <\/p>\n","protected":false},"excerpt":{"rendered":"<p>AMASADORA RAPIDA MIXER-20 MORETTI<\/p>\n","protected":false},"featured_media":604,"template":"","meta":{"_acf_changed":false},"product_brand":[],"product_cat":[45],"product_tag":[],"class_list":{"0":"post-605","1":"product","2":"type-product","3":"status-publish","4":"has-post-thumbnail","6":"product_cat-herramientas-comerciales","8":"first","9":"instock","10":"shipping-taxable","11":"product-type-simple"},"acf":[],"_links":{"self":[{"href":"https:\/\/online.dmgroup.com.ar\/index.php?rest_route=\/wp\/v2\/product\/605","targetHints":{"allow":["GET"]}}],"collection":[{"href":"https:\/\/online.dmgroup.com.ar\/index.php?rest_route=\/wp\/v2\/product"}],"about":[{"href":"https:\/\/online.dmgroup.com.ar\/index.php?rest_route=\/wp\/v2\/types\/product"}],"version-history":[{"count":0,"href":"https:\/\/online.dmgroup.com.ar\/index.php?rest_route=\/wp\/v2\/product\/605\/revisions"}],"wp:featuredmedia":[{"embeddable":true,"href":"https:\/\/online.dmgroup.com.ar\/index.php?rest_route=\/wp\/v2\/media\/604"}],"wp:attachment":[{"href":"https:\/\/online.dmgroup.com.ar\/index.php?rest_route=%2Fwp%2Fv2%2Fmedia&parent=605"}],"wp:term":[{"taxonomy":"product_brand","embeddable":true,"href":"https:\/\/online.dmgroup.com.ar\/index.php?rest_route=%2Fwp%2Fv2%2Fproduct_brand&post=605"},{"taxonomy":"product_cat","embeddable":true,"href":"https:\/\/online.dmgroup.com.ar\/index.php?rest_route=%2Fwp%2Fv2%2Fproduct_cat&post=605"},{"taxonomy":"product_tag","embeddable":true,"href":"https:\/\/online.dmgroup.com.ar\/index.php?rest_route=%2Fwp%2Fv2%2Fproduct_tag&post=605"}],"curies":[{"name":"wp","href":"https:\/\/api.w.org\/{rel}","templated":true}]}}