{"id":639,"date":"2025-04-05T00:50:34","date_gmt":"2025-04-05T03:50:34","guid":{"rendered":"https:\/\/online.dmgroup.com.ar\/product\/asador-criollo-chico-6-pollos-ac6p-sol-real\/"},"modified":"2026-02-05T11:17:02","modified_gmt":"2026-02-05T14:17:02","slug":"asador-criollo-chico-6-pollos-ac6p-sol-real","status":"publish","type":"product","link":"https:\/\/online.dmgroup.com.ar\/?product=asador-criollo-chico-6-pollos-ac6p-sol-real","title":{"rendered":"ASADOR CRIOLLO CHICO 6 POLLOS AC6P SOL REAL"},"content":{"rendered":"<p>ASADOR CRIOLLO CHICO &#8211; 6 POLLOS Gabinete de acero inoxidable esmerilado. Techo desmontable. Puerta simple de vidrio templado. Cocci\u00f3n sin humo, ideal interiores. Incluye sistema de rejas porta pollos y mango sujetador. Doble mechero lateral con comandos independientes de regulaci\u00f3n de temperatura. Bandeja inferior recolectora de grasa. V\u00e1lvulas de seguridad. Capacidad: 6 Pollos 2.200 Kilocalor\u00edas-h https:&#8211;solreal.com-index.php?route=product-product&amp;path=20_64&amp;product_id=4<\/p>\n","protected":false},"excerpt":{"rendered":"<p>ASADOR CRIOLLO CHICO 6 POLLOS AC6P SOL REAL<\/p>\n","protected":false},"featured_media":638,"template":"","meta":{"_acf_changed":false},"product_brand":[],"product_cat":[38],"product_tag":[],"class_list":{"0":"post-639","1":"product","2":"type-product","3":"status-publish","4":"has-post-thumbnail","6":"product_cat-cocina-comercial","8":"first","9":"instock","10":"shipping-taxable","11":"product-type-simple"},"acf":[],"_links":{"self":[{"href":"https:\/\/online.dmgroup.com.ar\/index.php?rest_route=\/wp\/v2\/product\/639","targetHints":{"allow":["GET"]}}],"collection":[{"href":"https:\/\/online.dmgroup.com.ar\/index.php?rest_route=\/wp\/v2\/product"}],"about":[{"href":"https:\/\/online.dmgroup.com.ar\/index.php?rest_route=\/wp\/v2\/types\/product"}],"version-history":[{"count":0,"href":"https:\/\/online.dmgroup.com.ar\/index.php?rest_route=\/wp\/v2\/product\/639\/revisions"}],"wp:featuredmedia":[{"embeddable":true,"href":"https:\/\/online.dmgroup.com.ar\/index.php?rest_route=\/wp\/v2\/media\/638"}],"wp:attachment":[{"href":"https:\/\/online.dmgroup.com.ar\/index.php?rest_route=%2Fwp%2Fv2%2Fmedia&parent=639"}],"wp:term":[{"taxonomy":"product_brand","embeddable":true,"href":"https:\/\/online.dmgroup.com.ar\/index.php?rest_route=%2Fwp%2Fv2%2Fproduct_brand&post=639"},{"taxonomy":"product_cat","embeddable":true,"href":"https:\/\/online.dmgroup.com.ar\/index.php?rest_route=%2Fwp%2Fv2%2Fproduct_cat&post=639"},{"taxonomy":"product_tag","embeddable":true,"href":"https:\/\/online.dmgroup.com.ar\/index.php?rest_route=%2Fwp%2Fv2%2Fproduct_tag&post=639"}],"curies":[{"name":"wp","href":"https:\/\/api.w.org\/{rel}","templated":true}]}}