{"id":66,"date":"2024-12-09T10:21:33","date_gmt":"2024-12-09T13:21:33","guid":{"rendered":"https:\/\/online.dmgroup.com.ar\/product\/afeitadora-blade-4d-8000833-blaupunkt\/"},"modified":"2026-02-05T11:11:20","modified_gmt":"2026-02-05T14:11:20","slug":"afeitadora-blade-4d-8000833-blaupunkt","status":"publish","type":"product","link":"https:\/\/online.dmgroup.com.ar\/?product=afeitadora-blade-4d-8000833-blaupunkt","title":{"rendered":"AFEITADORA BLADE 4D 8000833 BLAUPUNKT"},"content":{"rendered":"<p>AFEITADORA INALAMBRICA &#8211; Tecnolog\u00eda Intelligent Cut Blade &#8211; Smart Lock &#8211; Bater\u00eda recargable &#8211; Tecnolog\u00eda Quick Cut &#8211; Apertura a un toque<\/p>\n","protected":false},"excerpt":{"rendered":"<p>AFEITADORA BLADE 4D 8000833 BLAUPUNKT<\/p>\n","protected":false},"featured_media":65,"template":"","meta":{"_acf_changed":false},"product_brand":[],"product_cat":[52],"product_tag":[],"class_list":{"0":"post-66","1":"product","2":"type-product","3":"status-publish","4":"has-post-thumbnail","6":"product_cat-salud-belleza-fitness","8":"first","9":"instock","10":"shipping-taxable","11":"product-type-simple"},"acf":[],"_links":{"self":[{"href":"https:\/\/online.dmgroup.com.ar\/index.php?rest_route=\/wp\/v2\/product\/66","targetHints":{"allow":["GET"]}}],"collection":[{"href":"https:\/\/online.dmgroup.com.ar\/index.php?rest_route=\/wp\/v2\/product"}],"about":[{"href":"https:\/\/online.dmgroup.com.ar\/index.php?rest_route=\/wp\/v2\/types\/product"}],"version-history":[{"count":0,"href":"https:\/\/online.dmgroup.com.ar\/index.php?rest_route=\/wp\/v2\/product\/66\/revisions"}],"wp:featuredmedia":[{"embeddable":true,"href":"https:\/\/online.dmgroup.com.ar\/index.php?rest_route=\/wp\/v2\/media\/65"}],"wp:attachment":[{"href":"https:\/\/online.dmgroup.com.ar\/index.php?rest_route=%2Fwp%2Fv2%2Fmedia&parent=66"}],"wp:term":[{"taxonomy":"product_brand","embeddable":true,"href":"https:\/\/online.dmgroup.com.ar\/index.php?rest_route=%2Fwp%2Fv2%2Fproduct_brand&post=66"},{"taxonomy":"product_cat","embeddable":true,"href":"https:\/\/online.dmgroup.com.ar\/index.php?rest_route=%2Fwp%2Fv2%2Fproduct_cat&post=66"},{"taxonomy":"product_tag","embeddable":true,"href":"https:\/\/online.dmgroup.com.ar\/index.php?rest_route=%2Fwp%2Fv2%2Fproduct_tag&post=66"}],"curies":[{"name":"wp","href":"https:\/\/api.w.org\/{rel}","templated":true}]}}