{"id":68,"date":"2024-12-09T10:21:37","date_gmt":"2024-12-09T13:21:37","guid":{"rendered":"https:\/\/online.dmgroup.com.ar\/product\/afeitadora-cortabarba-bt1230-14-philips\/"},"modified":"2026-02-05T11:11:23","modified_gmt":"2026-02-05T14:11:23","slug":"afeitadora-cortabarba-bt1230-14-philips","status":"publish","type":"product","link":"https:\/\/online.dmgroup.com.ar\/?product=afeitadora-cortabarba-bt1230-14-philips","title":{"rendered":"AFEITADORA CORTABARBA BT1230\/14 PHILIPS"},"content":{"rendered":"<p>Accesorios: Peine recortador; Peine recortador ajustable para barba de 3 a 7 mm; Cepillo de limpieza Carga USB: 8 horas de carga completa Tipo de bater\u00eda: NiMH Voltaje autom\u00e1tico: 100-240 V Agarre f\u00e1cil y ergon\u00f3mico Cuchillas autoafilables de acero inoxidable Ancho de la cortadora: 32 mm Precisi\u00f3n (tama\u00f1o de los pasos): Por 1 mm Dientes sin raspaduras para otorgar mayor comodidad Facilidad de uso Limpieza en seco con cepillo Pantalla: Indicador de carga Funcionamiento: Uso sin cable; DuraPower, 30 min de uso inal\u00e1mbrico Traba para viaje https:&#8211;www.philips.com.ar-c-p-BT1230_14-beardtrimmer-series-1000-cortabarba<\/p>\n","protected":false},"excerpt":{"rendered":"<p>AFEITADORA CORTABARBA BT1230-14 PHILIPS<\/p>\n","protected":false},"featured_media":67,"template":"","meta":{"_acf_changed":false},"product_brand":[],"product_cat":[52],"product_tag":[],"class_list":{"0":"post-68","1":"product","2":"type-product","3":"status-publish","4":"has-post-thumbnail","6":"product_cat-salud-belleza-fitness","8":"first","9":"instock","10":"shipping-taxable","11":"product-type-simple"},"acf":[],"_links":{"self":[{"href":"https:\/\/online.dmgroup.com.ar\/index.php?rest_route=\/wp\/v2\/product\/68","targetHints":{"allow":["GET"]}}],"collection":[{"href":"https:\/\/online.dmgroup.com.ar\/index.php?rest_route=\/wp\/v2\/product"}],"about":[{"href":"https:\/\/online.dmgroup.com.ar\/index.php?rest_route=\/wp\/v2\/types\/product"}],"version-history":[{"count":0,"href":"https:\/\/online.dmgroup.com.ar\/index.php?rest_route=\/wp\/v2\/product\/68\/revisions"}],"wp:featuredmedia":[{"embeddable":true,"href":"https:\/\/online.dmgroup.com.ar\/index.php?rest_route=\/wp\/v2\/media\/67"}],"wp:attachment":[{"href":"https:\/\/online.dmgroup.com.ar\/index.php?rest_route=%2Fwp%2Fv2%2Fmedia&parent=68"}],"wp:term":[{"taxonomy":"product_brand","embeddable":true,"href":"https:\/\/online.dmgroup.com.ar\/index.php?rest_route=%2Fwp%2Fv2%2Fproduct_brand&post=68"},{"taxonomy":"product_cat","embeddable":true,"href":"https:\/\/online.dmgroup.com.ar\/index.php?rest_route=%2Fwp%2Fv2%2Fproduct_cat&post=68"},{"taxonomy":"product_tag","embeddable":true,"href":"https:\/\/online.dmgroup.com.ar\/index.php?rest_route=%2Fwp%2Fv2%2Fproduct_tag&post=68"}],"curies":[{"name":"wp","href":"https:\/\/api.w.org\/{rel}","templated":true}]}}