{"id":769,"date":"2025-04-07T00:51:23","date_gmt":"2025-04-07T03:51:23","guid":{"rendered":"https:\/\/online.dmgroup.com.ar\/product\/balanza-cuora-neo-30-c-mastil-34930-systel\/"},"modified":"2026-02-05T11:20:38","modified_gmt":"2026-02-05T14:20:38","slug":"balanza-cuora-neo-30-c-mastil-34930-systel","status":"publish","type":"product","link":"https:\/\/online.dmgroup.com.ar\/?product=balanza-cuora-neo-30-c-mastil-34930-systel","title":{"rendered":"BALANZA CUORA NEO 30 C\/MASTIL 34930 SYSTEL"},"content":{"rendered":"<p>CUORA NEO  Balanza PC con impresora integrada Tipo de soluci\u00f3n: Comercial La automatizaci\u00f3n comercial llega a su mayor rendimiento con este equipo, el m\u00e1s completo del mercado. Combina la m\u00e1s alta tecnolog\u00eda con la mayor resistencia y durabilidad, preparado para un uso intensivo. CAPACIDAD 30kg COLOR Blanco &#8211; Negro BATER\u00cdA RESOLUCI\u00d3N: Equipo doble rango: 2g de 0 &#8211; 6kg &#8211; 5 g de 6 &#8211; 15kg, 5g de 0 &#8211; 15kg &#8211; 10g de 15 &#8211; 30kg TIPO DE PAPEL: Ticket y Etiquetas CONECTIVIDAD: USB host ETH y WIFI Resoluci\u00f3n m\u00ednima: 5 g de 0-15 kg &#8211; 10 g de 15-30 kg  Tara m\u00e1xima -10 kg  https:&#8211;systel-global.com-argentina-producto-cuora-neo-#consultar <\/p>\n","protected":false},"excerpt":{"rendered":"<p>BALANZA CUORA NEO 30 C-MASTIL 34930 SYSTEL<\/p>\n","protected":false},"featured_media":768,"template":"","meta":{"_acf_changed":false},"product_brand":[],"product_cat":[32],"product_tag":[],"class_list":{"0":"post-769","1":"product","2":"type-product","3":"status-publish","4":"has-post-thumbnail","6":"product_cat-balanzas-impresores","8":"first","9":"instock","10":"shipping-taxable","11":"product-type-simple"},"acf":[],"_links":{"self":[{"href":"https:\/\/online.dmgroup.com.ar\/index.php?rest_route=\/wp\/v2\/product\/769","targetHints":{"allow":["GET"]}}],"collection":[{"href":"https:\/\/online.dmgroup.com.ar\/index.php?rest_route=\/wp\/v2\/product"}],"about":[{"href":"https:\/\/online.dmgroup.com.ar\/index.php?rest_route=\/wp\/v2\/types\/product"}],"version-history":[{"count":0,"href":"https:\/\/online.dmgroup.com.ar\/index.php?rest_route=\/wp\/v2\/product\/769\/revisions"}],"wp:featuredmedia":[{"embeddable":true,"href":"https:\/\/online.dmgroup.com.ar\/index.php?rest_route=\/wp\/v2\/media\/768"}],"wp:attachment":[{"href":"https:\/\/online.dmgroup.com.ar\/index.php?rest_route=%2Fwp%2Fv2%2Fmedia&parent=769"}],"wp:term":[{"taxonomy":"product_brand","embeddable":true,"href":"https:\/\/online.dmgroup.com.ar\/index.php?rest_route=%2Fwp%2Fv2%2Fproduct_brand&post=769"},{"taxonomy":"product_cat","embeddable":true,"href":"https:\/\/online.dmgroup.com.ar\/index.php?rest_route=%2Fwp%2Fv2%2Fproduct_cat&post=769"},{"taxonomy":"product_tag","embeddable":true,"href":"https:\/\/online.dmgroup.com.ar\/index.php?rest_route=%2Fwp%2Fv2%2Fproduct_tag&post=769"}],"curies":[{"name":"wp","href":"https:\/\/api.w.org\/{rel}","templated":true}]}}