{"id":809,"date":"2025-04-08T00:51:00","date_gmt":"2025-04-08T03:51:00","guid":{"rendered":"https:\/\/online.dmgroup.com.ar\/product\/balanza-digital-personal-eb3110h-aspen\/"},"modified":"2026-02-05T11:21:49","modified_gmt":"2026-02-05T14:21:49","slug":"balanza-digital-personal-eb3110h-aspen","status":"publish","type":"product","link":"https:\/\/online.dmgroup.com.ar\/?product=balanza-digital-personal-eb3110h-aspen","title":{"rendered":"BALANZA DIGITAL PERSONAL EB3110H ASPEN"},"content":{"rendered":"<p>Capacidad M\u00e1xima: 180 kg. &#8211; Superficie simil madera. &#8211; Display LCD retroiluminado. &#8211; 4 sensores de alta precisi\u00f3n. &#8211; Indicador de sobrecarga y bater\u00eda baja. &#8211; Encendido y apagado autom\u00e1tico. &#8211; Graduaci\u00f3n min. 100gr.<\/p>\n","protected":false},"excerpt":{"rendered":"<p>BALANZA DIGITAL PERSONAL EB3110H ASPEN<\/p>\n","protected":false},"featured_media":808,"template":"","meta":{"_acf_changed":false},"product_brand":[],"product_cat":[52],"product_tag":[],"class_list":{"0":"post-809","1":"product","2":"type-product","3":"status-publish","4":"has-post-thumbnail","6":"product_cat-salud-belleza-fitness","8":"first","9":"instock","10":"shipping-taxable","11":"product-type-simple"},"acf":[],"_links":{"self":[{"href":"https:\/\/online.dmgroup.com.ar\/index.php?rest_route=\/wp\/v2\/product\/809","targetHints":{"allow":["GET"]}}],"collection":[{"href":"https:\/\/online.dmgroup.com.ar\/index.php?rest_route=\/wp\/v2\/product"}],"about":[{"href":"https:\/\/online.dmgroup.com.ar\/index.php?rest_route=\/wp\/v2\/types\/product"}],"version-history":[{"count":0,"href":"https:\/\/online.dmgroup.com.ar\/index.php?rest_route=\/wp\/v2\/product\/809\/revisions"}],"wp:featuredmedia":[{"embeddable":true,"href":"https:\/\/online.dmgroup.com.ar\/index.php?rest_route=\/wp\/v2\/media\/808"}],"wp:attachment":[{"href":"https:\/\/online.dmgroup.com.ar\/index.php?rest_route=%2Fwp%2Fv2%2Fmedia&parent=809"}],"wp:term":[{"taxonomy":"product_brand","embeddable":true,"href":"https:\/\/online.dmgroup.com.ar\/index.php?rest_route=%2Fwp%2Fv2%2Fproduct_brand&post=809"},{"taxonomy":"product_cat","embeddable":true,"href":"https:\/\/online.dmgroup.com.ar\/index.php?rest_route=%2Fwp%2Fv2%2Fproduct_cat&post=809"},{"taxonomy":"product_tag","embeddable":true,"href":"https:\/\/online.dmgroup.com.ar\/index.php?rest_route=%2Fwp%2Fv2%2Fproduct_tag&post=809"}],"curies":[{"name":"wp","href":"https:\/\/api.w.org\/{rel}","templated":true}]}}