{"id":86,"date":"2024-12-09T10:35:07","date_gmt":"2024-12-09T13:35:07","guid":{"rendered":"https:\/\/online.dmgroup.com.ar\/product\/afeitadora-satinshave-hp6306-00-philips\/"},"modified":"2026-02-05T11:11:47","modified_gmt":"2026-02-05T14:11:47","slug":"afeitadora-satinshave-hp6306-00-philips","status":"publish","type":"product","link":"https:\/\/online.dmgroup.com.ar\/?product=afeitadora-satinshave-hp6306-00-philips","title":{"rendered":"AFEITADORA SATINSHAVE HP6306\/00 PHILIPS"},"content":{"rendered":"<p>Afeitadora el\u00e9ctrica para uso en seco y h\u00famedo Wet &amp; Dry para usar en la ducha o la ba\u00f1adera: Disfrut\u00e1 de un uso c\u00f3modo y suave en tu rutina de ba\u00f1o o ducha gracias al mango antideslizante que permite un uso \u00f3ptimo en seco y h\u00famedo. Voltaje: 2 de 1,5 V Funciona con pilas: Depilate en cualquier lugar con esta afeitadora femenina sin cable. L\u00e1mina hipoalerg\u00e9nica que evita irritaciones y erupciones<\/p>\n","protected":false},"excerpt":{"rendered":"<p>AFEITADORA SATINSHAVE HP6306-00 PHILIPS<\/p>\n","protected":false},"featured_media":85,"template":"","meta":{"_acf_changed":false},"product_brand":[],"product_cat":[52],"product_tag":[],"class_list":{"0":"post-86","1":"product","2":"type-product","3":"status-publish","4":"has-post-thumbnail","6":"product_cat-salud-belleza-fitness","8":"first","9":"instock","10":"shipping-taxable","11":"product-type-simple"},"acf":[],"_links":{"self":[{"href":"https:\/\/online.dmgroup.com.ar\/index.php?rest_route=\/wp\/v2\/product\/86","targetHints":{"allow":["GET"]}}],"collection":[{"href":"https:\/\/online.dmgroup.com.ar\/index.php?rest_route=\/wp\/v2\/product"}],"about":[{"href":"https:\/\/online.dmgroup.com.ar\/index.php?rest_route=\/wp\/v2\/types\/product"}],"version-history":[{"count":0,"href":"https:\/\/online.dmgroup.com.ar\/index.php?rest_route=\/wp\/v2\/product\/86\/revisions"}],"wp:featuredmedia":[{"embeddable":true,"href":"https:\/\/online.dmgroup.com.ar\/index.php?rest_route=\/wp\/v2\/media\/85"}],"wp:attachment":[{"href":"https:\/\/online.dmgroup.com.ar\/index.php?rest_route=%2Fwp%2Fv2%2Fmedia&parent=86"}],"wp:term":[{"taxonomy":"product_brand","embeddable":true,"href":"https:\/\/online.dmgroup.com.ar\/index.php?rest_route=%2Fwp%2Fv2%2Fproduct_brand&post=86"},{"taxonomy":"product_cat","embeddable":true,"href":"https:\/\/online.dmgroup.com.ar\/index.php?rest_route=%2Fwp%2Fv2%2Fproduct_cat&post=86"},{"taxonomy":"product_tag","embeddable":true,"href":"https:\/\/online.dmgroup.com.ar\/index.php?rest_route=%2Fwp%2Fv2%2Fproduct_tag&post=86"}],"curies":[{"name":"wp","href":"https:\/\/api.w.org\/{rel}","templated":true}]}}