{"id":94,"date":"2024-12-09T10:35:23","date_gmt":"2024-12-09T13:35:23","guid":{"rendered":"https:\/\/online.dmgroup.com.ar\/product\/aire-acondicionado-f-c-5200w-inverter-entrdi53tc-electra\/"},"modified":"2026-02-05T11:11:57","modified_gmt":"2026-02-05T14:11:57","slug":"aire-acondicionado-f-c-5200w-inverter-entrdi53tc-electra","status":"publish","type":"product","link":"https:\/\/online.dmgroup.com.ar\/?product=aire-acondicionado-f-c-5200w-inverter-entrdi53tc-electra","title":{"rendered":"AIRE ACONDICIONADO F\/C 5200W INVERTER ENTRDI53TC ELECTRA"},"content":{"rendered":"<p>Aire Acondicionado Electra Trend Inverter Frio-Calor 4472 Frigor\u00edas ETRDI53TC PESO 47 kg DIMENSIONES 30 \u00d7 92 \u00d7 81 cm COLOR Blanco CAPACIDAD DE CALENTAMIENTO  5200W CAPACIDAD DE ENFRIAMIENTO 5200W FRIGORIAS 4472 CONTROL REMOTO Incluido EFICIENCIA ENERGETICA  A+ TEMPORIZADOR DIMENSIONES NETAS (UNIDAD EXTERNA) 78 Largo x 29 Ancho x 60,5 Alto PESO NETO (UNIDAD EXTERIOR) 37 kg DIMENSIONES NETAS (UNIDAD INTERNA) 91 Largo x 29,2 Ancho x 20,5 Alto PESO NETO (UNIDAD INTERIOR) 10 kg https:&#8211;electrastore.com.ar-productos-aires-acondicionados-residencial-electra-aire-acondicionado-electra-inverter-fc-4772-etrdi53tc-<\/p>\n","protected":false},"excerpt":{"rendered":"<p>AIRE ACONDICIONADO F-C 5200W INVERTER ENTRDI53TC ELECTRA<\/p>\n","protected":false},"featured_media":93,"template":"","meta":{"_acf_changed":false},"product_brand":[],"product_cat":[37],"product_tag":[],"class_list":{"0":"post-94","1":"product","2":"type-product","3":"status-publish","4":"has-post-thumbnail","6":"product_cat-climatizacion","8":"first","9":"instock","10":"shipping-taxable","11":"product-type-simple"},"acf":[],"_links":{"self":[{"href":"https:\/\/online.dmgroup.com.ar\/index.php?rest_route=\/wp\/v2\/product\/94","targetHints":{"allow":["GET"]}}],"collection":[{"href":"https:\/\/online.dmgroup.com.ar\/index.php?rest_route=\/wp\/v2\/product"}],"about":[{"href":"https:\/\/online.dmgroup.com.ar\/index.php?rest_route=\/wp\/v2\/types\/product"}],"version-history":[{"count":0,"href":"https:\/\/online.dmgroup.com.ar\/index.php?rest_route=\/wp\/v2\/product\/94\/revisions"}],"wp:featuredmedia":[{"embeddable":true,"href":"https:\/\/online.dmgroup.com.ar\/index.php?rest_route=\/wp\/v2\/media\/93"}],"wp:attachment":[{"href":"https:\/\/online.dmgroup.com.ar\/index.php?rest_route=%2Fwp%2Fv2%2Fmedia&parent=94"}],"wp:term":[{"taxonomy":"product_brand","embeddable":true,"href":"https:\/\/online.dmgroup.com.ar\/index.php?rest_route=%2Fwp%2Fv2%2Fproduct_brand&post=94"},{"taxonomy":"product_cat","embeddable":true,"href":"https:\/\/online.dmgroup.com.ar\/index.php?rest_route=%2Fwp%2Fv2%2Fproduct_cat&post=94"},{"taxonomy":"product_tag","embeddable":true,"href":"https:\/\/online.dmgroup.com.ar\/index.php?rest_route=%2Fwp%2Fv2%2Fproduct_tag&post=94"}],"curies":[{"name":"wp","href":"https:\/\/api.w.org\/{rel}","templated":true}]}}